 15*r - 566. Suppose r = -10*n + 586. List the prime factors of n.
2, 5
Suppose -163627 + 9481 = -89*x + 35424. What are the prime factors of x?
2, 3, 5, 71
List the prime factors of 124567/5 + -21 + 515/25.
7, 3559
Suppose -t + 275311 = 4*q, -2*q - 51*t + 48*t + 137653 = 0. What are the prime factors of q?
2, 17207
Let l(m) = m**3 + 6*m**2 - 6*m + 6. Let r be l(-7). Let c be (((-24)/(-9))/4 + r)*-51. Let i = -4 + c. List the prime factors of i.
13
Suppose q + 4*g = 3508, 2*q = 5*g + 4065 + 2925. Suppose 278 = -18*j + q. List the prime factors of j.
179
Let p = -4698 + 5735. List the prime factors of p.
17, 61
Suppose -m + 5*q = 2*m - 2962, -4017 = -4*m - 3*q. List the prime factors of m.
3, 37
Let z(d) = -35*d - 56. Let v(q) = q. Let w(p) = 4*v(p) + z(p). List the prime factors of w(-7).
7, 23
Let x(p) be the first derivative of -p**4/2 - 10*p**3/3 - 15*p**2/2 - 18*p + 92. What are the prime factors of x(-8)?
2, 3
Suppose -48249 = -4*d - 5*d. Suppose -27*x + d = -2577. What are the prime factors of x?
2, 3, 7
Let c = 96 + -82. Suppose -c*a - 288 - 1322 = 0. Let i = 9 - a. List the prime factors of i.
2, 31
Let t = -285 + 282. Let g = 1 + -1. Let n = g - t. List the prime factors of n.
3
Let l be (0/2)/(2 + -1). Suppose l = 7*m + 18 + 115. Let d = m + 124. What are the prime factors of d?
3, 5, 7
Suppose 3*u + 2 = -4*p, 3*u - 7 = p + 1. Suppose 23*l - 8 = 22*l. What are the prime factors of (-4)/l*-284 - (u - 1)?
3, 47
Let r = 11 + 0. Let u(g) = 4*g + 27 + g**2 + r*g - 18*g. What are the prime factors of u(7)?
5, 11
Let g = 533 - 503. Suppose 25067 = g*w - 9733. What are the prime factors of w?
2, 5, 29
Suppose 546*l = 545*l + 23757. List the prime factors of l.
3, 7919
Let k(o) = -8*o - 117. Let f be k(-15). Suppose 2*z = -4*h + 310, 3*h = -f*z + 6*h + 465. What are the prime factors of z?
5, 31
Let f(k) = 397*k - 305. What are the prime factors of f(5)?
2, 3, 5, 7
Let j = -285 - -166. What are the prime factors of 5/5*-3 - j?
2, 29
Let p(a) = -4*a - 6. Let c be (-26 + 27)*(0 + -2). Let g be p(c). Let j = g + 85. List the prime factors of j.
3, 29
What are the prime factors of ((-2248605)/321)/((-5)/36)?
2, 3, 467
Let o be 1/(-2)*(-8)/(-4)*-1129. Suppose 0 = -2*c - 5*v + o, -3*c + 0*c + 5*v = -1631. What are the prime factors of c?
2, 3, 23
Suppose 3*r - 22777 = f, -80*r + f + 37961 = -75*r. List the prime factors of r.
2, 13, 73
Suppose -255 = -6*o + 7839. Suppose 2*c - r = -4*r + o, 674 = c + r. What are the prime factors of c?
673
Let p be (-10)/(-2) - 6 - -182*2. Suppose -5*i = 2*n - 0*i - p, 367 = 2*n + i. List the prime factors of n.
2, 23
Suppose -2*x + 13556 - 5026 = 0. Let k = x - 2544. What are the prime factors of k?
1721
Let t = 7408 + -6497. What are the prime factors of t?
911
Suppose -13*h = -6*h - 11634. Suppose d - 76 = -4*j + 1583, -2*d + h = 4*j. List the prime factors of j.
2, 3, 23
Let a(t) = t**2 - 6*t - 7. Let s be a(6). Let p = 407 - 358. What are the prime factors of 2/s - (-7658)/p?
2, 3, 13
Let r be 459/(-4) + 24/(-96). What are the prime factors of 3762/8 - r/(-92)?
7, 67
Let w be (4/60*3)/((-9)/(-225)). Suppose -2*z = -w*p + z + 1653, 4*z = -2*p + 656. List the prime factors of p.
2, 3, 5, 11
Let k = -11760 - -24716. List the prime factors of k.
2, 41, 79
Let i = 11899 - 7119. List the prime factors of i.
2, 5, 239
Let l = 69572 - 29923. List the prime factors of l.
31, 1279
Let i = 44 + -44. Suppose i*f + 522 = 3*f. Suppose -5*v + 397 = -t + 3*t, 3*t = 2*v - f. What are the prime factors of v?
3
Suppose 5*b + 5*u = 1880, 0*b = -b - 5*u + 356. Let f = -631 - -378. Let d = b + f. What are the prime factors of d?
2
Let y(c) = 6*c**3 - 5*c - 3. Let q be y(4). Let o = 464 - q. What are the prime factors of o?
103
Let w = -22 - -451. List the prime factors of 4/(-26) + (-3)/(w/(-8888)).
2, 31
Suppose -6*d - 2874 = 6834. Let r = -1141 - d. List the prime factors of r.
3, 53
Let t(x) = -6*x**2 - 11*x - 2. Let c(b) = 13*b**2 + 21*b + 4. Let r(v) = -3*c(v) - 7*t(v). Suppose -9788 = -11*h - 9854. List the prime factors of r(h).
2, 13
Suppose 436*a = 430*a + 28962. List the prime factors of a.
3, 1609
Let c(u) = -163*u + 112. Let d be c(14). List the prime factors of (1 - 2)/(-4 - 8673/d).
2, 5, 31
Let g be 2/7 + (24/(-20))/(14/1520). Let h = -6 + 2. Let z = h - g. What are the prime factors of z?
2, 3, 7
Suppose 2*x - 5*y - 62778 = 0, 3*x - 94160 = 18*y - 14*y. List the prime factors of x.
2, 3923
Let s = -66 + 71. Suppose -18 = -r - 3*i, -s*r + 59 = -4*i - 12. Let v = 78 - r. List the prime factors of v.
3, 7
Let t = 20 + -16. Suppose 3 + 2 = b. Suppose 0 = -b*n - t*i + 570, 5*i + 787 = 5*n + 217. What are the prime factors of n?
2, 3, 19
Let t(v) = 314*v + 5561. List the prime factors of t(49).
20947
Suppose -384 = -19*m + 15*m. Suppose -4*h + m = 2*c + 2*c, 0 = -4*c. List the prime factors of (675/(-12))/(-1) - (-18)/h.
3, 19
Suppose 0 = 2*o - 5*o + 702. Let a = -149 + o. Let i = -60 + a. List the prime factors of i.
5
Let p(c) = -c**3 + 13*c**2 + c - 9. Let i be p(13). Suppose -87 = -2*m - 37. Let s = i + m. List the prime factors of s.
29
Let i(c) = c + 63. Let j be i(-28). List the prime factors of 11455/j + 26/(-91).
3, 109
Let w(y) = 17*y - 100. Let g be w(6). Let s(q) = 23*q - 3. What are the prime factors of s(g)?
43
Suppose -y = -5*d - 25, 5*y + 5*d = 10*y - 25. Suppose y*j - 1674 = -2*l - 3*j, -5*l + 4185 = 2*j. What are the prime factors of l?
3, 31
Let x = -122 - -115. Let z(o) = 6*o**2 + 17*o - 4. List the prime factors of z(x).
3, 19
Let r be 5/25*5 + 5. Let y be 18/4*(r/6 + 1). Suppose 2*w = -y*w + 3058. What are the prime factors of w?
2, 139
List the prime factors of ((18/15)/((-21)/6585))/((-188)/11844).
2, 3, 439
Suppose -26 = -0*g - g. Suppose -4*q + 68 = r, 5*q = -3*r + g + 52. Suppose 0 = -3*p + 186 - q. What are the prime factors of p?
2, 7
Suppose 23 = 4*m - 3*s, m - 3*s = 3*m + 11. List the prime factors of 968/m + ((-18)/(-6) - -3).
2, 5, 7
Let p(j) = 9263*j**2 + 5*j + 7. What are the prime factors of p(-1)?
5, 17, 109
Let q = 181 + 22. Let p = q + 984. List the prime factors of p.
1187
Let n be 8/(-4) + 35 - (0 + 1). Suppose -h + 3*v + 8 = 0, 3*h + 2*v + n = -3*v. What are the prime factors of (1755/52)/((-1)/h)?
3, 5
Let v = -403 - 253. Let u = 331 - v. List the prime factors of u.
3, 7, 47
What are the prime factors of ((-182)/273)/(2/(-40836))?
2, 41, 83
Let b = -36 - -46. Let i be (-24)/(-9) + b/(-15). Suppose a = -f + 17, i*a + 3*a - 113 = 2*f. List the prime factors of a.
3, 7
Let s = -273 + 536. Let f = s + -152. What are the prime factors of f?
3, 37
Let s(d) = -12*d - 14. Let p be s(6). Let h = p + 91. Suppose 17 = h*f - 4*u - 38, -5*f = 2*u - 85. What are the prime factors of f?
3, 5
Suppose -t + 0*t + 3*k = 6, t + 2*k = 9. What are the prime factors of (t + -2)*1*(2 - -92)?
2, 47
Let y(o) = 500*o**2 + 37*o + 35. List the prime factors of y(-3).
2, 7, 79
Let a(f) = -564*f + 4 + 563*f - 5 - 90*f**3 + f**2. List the prime factors of a(-2).
5, 29
Suppose 3*v - 3145 = -3*b + 6488, -6430 = -2*v - 4*b. List the prime factors of v.
3, 1069
Let r(t) = -t**2 + 21*t - 9. Let a be r(21). Let d(x) = x + 38. Let w(n) = 12*n + 495. Let z(i) = 27*d(i) - 2*w(i). What are the prime factors of z(a)?
3
Let b = 1719 - -34653. List the prime factors of b.
2, 3, 7, 433
List the prime factors of (-166 - 1)/(12/(-540)).
3, 5, 167
Let i(v) = 4*v**2 - 3. Let a be i(-3). Let u = a - 6. What are the prime factors of (-10)/(-40)*(u + 1) - 0?
7
Let i = 57573 - 26652. List the prime factors of i.
3, 11, 937
Suppose -210460 = -13*g - 50534. List the prime factors of g.
2, 6151
Let z(f) = 2*f**2 - 17*f - 24. Let w be z(11). Let t be (w/(-3) + 1)*-39. Suppose 5*v - 216 = t. List the prime factors of v.
2, 29
Let c(k) = -k**2 - 42*k - 3. Let p be c(-36). Let w be ((-2)/(-6))/((-5)/(-75)). Suppose 0 = -w*a - 5 - 5, u - 4*a - p = 0. What are the prime factors of u?
5, 41
Let k = 20197 + 12835. What are the prime factors of k?
2, 4129
Let w = -76343 + 138438. What are the prime factors of w?
5, 11, 1129
Let w = 83 + -121. Let k = 319 + w. What are the prime factors of k?
281
Let y = 22 - 16. Let v be -23 + (12 - (7 + -3))/2. Let f = y - v. List the prime factors of f.
5
Let v be 2065 + (50/100)/((-2)/(-4)). Suppose -8